(-2)/(-48)). Calculate the greatest common factor of 12 and s.
6
Let h(v) = 5*v + 5*v - 5*v + 11*v - 4. Let u be h(3). Let t(s) = s**3 + 4*s**2 + 4. Let d be t(-4). What is the greatest common divisor of d and u?
4
Let n(q) = q**2 + 7*q - 3. Let l be n(-7). Let k = -1 - l. Suppose k*r = r + 104. What is the greatest common factor of 13 and r?
13
Let g(a) = -3*a + 4. Let t be g(-4). Let v be -9 - (1 - (2 - 0)). Let b(n) = n**2 + 3*n + 8. Let r be b(v). What is the greatest common divisor of r and t?
16
Let s(j) = j**2 + 3*j - 12 + j**2 - j**2. Let y be s(-7). What is the highest common factor of y and 80?
16
Let c = -6 + 18. Let m(t) = 11*t - 11. Let f be m(c). What is the highest common factor of f and 11?
11
Let s(t) = t**2 + 5*t + 8. Let f be s(-9). What is the highest common divisor of f and 396?
44
Let s(h) = 19*h**2 - 2*h - 25. Let i be s(-6). What is the highest common factor of i and 61?
61
Let j = 65 + -39. Calculate the greatest common factor of j and 13.
13
Let d = -3 - -5. Let m be (2 - 10/4)*2. Let x be 3 - -4 - (m + 2). Calculate the highest common divisor of x and d.
2
Let w(z) = -41*z + 12. Let o be w(-4). Calculate the highest common factor of 16 and o.
16
Let l = 92 + -78. What is the highest common factor of 98 and l?
14
Let f be -1*1*(2 - 0). Let b(r) = -109*r + 1. Let l be b(f). Suppose -4*t = 3*o - 0*o - l, -4*o = -t - 311. Calculate the greatest common divisor of 11 and o.
11
Let x = 764 + -396. Calculate the greatest common divisor of x and 46.
46
Suppose 5*o - 2*a - 113 = 2*a, 2*a = 3*o - 69. Let k = o - 16. What is the highest common factor of k and 99?
9
Let w(z) = 10*z + 1. Let n be w(1). Suppose 0 = -h + n + 15. Calculate the greatest common divisor of 39 and h.
13
Suppose 0 = -16*o + 21*o - 15. Calculate the highest common divisor of 18 and o.
3
Suppose 0 = 29*o - 22*o - 98. What is the highest common divisor of 154 and o?
14
Let d = -282 - -406. Suppose -5*s + 0*c = -2*c - 116, -5*s + d = 2*c. What is the greatest common factor of 120 and s?
24
Let m = -17 - -28. Let i be (-4)/(0 + 2/(-22)). Calculate the greatest common divisor of m and i.
11
Let h = 12 + -3. Suppose -2*z - 2 = -3*z. Suppose 3*q = -z*p + q + 200, -p = -5*q - 94. Calculate the greatest common divisor of h and p.
9
Let r(w) = w - 4. Let z be r(8). Let p = 14 - -6. Calculate the highest common divisor of z and p.
4
Suppose -5*h + 195 = -5. Suppose -3*g + h = 3*f + 10, 4*g - 3*f = 40. What is the highest common divisor of g and 40?
10
Suppose 4*h = 10*h - 60. Calculate the greatest common divisor of h and 20.
10
Let u(z) = -3*z + 9. Let y be u(5). Let i be 153/12 + y/8. Calculate the highest common factor of i and 12.
12
Let t be 32/240 - 1676/(-30). Calculate the greatest common factor of t and 7.
7
Suppose 5*w = 5*a + 25, -3*a + 5*a + 2*w - 10 = 0. Suppose a = j + j - 12. Let f = 25 - j. What is the highest common divisor of f and 171?
19
Suppose o = -3*g + 67, -5*g + 101 = 2*o - 29. Suppose -2*k + 8 + 21 = 5*t, -k = 3*t - 17. Calculate the highest common divisor of t and o.
5
Suppose 2*j + 2*j = 80. Suppose -4 = -4*h, -69 = -3*z + h + j. Calculate the greatest common divisor of z and 15.
15
Suppose 2*l - l = 1, 0 = 2*w - 5*l + 5. Suppose 4*y + w*y - 52 = 0. What is the highest common factor of y and 52?
13
Let t(d) = -2*d. Let h be t(-1). Let u be (-96)/(-9) - h/(-6). Let g = 25 - u. What is the greatest common factor of g and 56?
14
Suppose 0 = -0*h + h - 36. Calculate the greatest common divisor of h and 108.
36
Suppose -13 = 3*c - 37. Let r(d) = -d + 5. Let m be r(3). Calculate the highest common divisor of m and c.
2
Let q be 24/(-8) - (0 - 0). Let n(p) = -4*p - 4. Let a be n(q). Calculate the greatest common factor of 56 and a.
8
Let a(t) = 3*t - 1. Let s be a(4). Calculate the greatest common divisor of s and 55.
11
Let h(s) = 4*s**3 - 6*s**2 + 6*s - 1. Let t be h(4). Let p = 8 - 4. Suppose -433 = -p*m + t. What is the greatest common factor of 14 and m?
14
Let k be (-11)/(-22) - (-47)/2. Calculate the greatest common divisor of 60 and k.
12
Let d be (0/(-2))/(5 - 3). Let u(k) = -k**3 - k**2 + k + 13. Let n be u(d). Suppose 0 = 8*p - 4*p - 52. Calculate the highest common divisor of p and n.
13
Let q be 147/28*(2 + 2). What is the highest common factor of 84 and q?
21
Suppose 0 = -p + 2. Suppose 0 = 5*d + 5*o - 486 - 144, p*d + 4*o = 262. Suppose -13*m + 106 + 37 = 0. What is the greatest common factor of d and m?
11
Let g be 6*(-3)/6*1. Let j be 0 + (-40)/(g + 1). What is the highest common factor of 10 and j?
10
Suppose -o - 30 = -75. Let i be (2 - 1)/(5/25). Calculate the greatest common divisor of i and o.
5
Let u be 2 - (-4 - (173 - 3)). What is the highest common divisor of 22 and u?
22
Let y(x) = -7*x - 10. Let b be y(-4). Calculate the greatest common divisor of b and 18.
18
Let w(p) = -p**3 + p**2 - p + 8. Let x be w(0). Let r(h) = -4*h - 4. Let a be r(-11). What is the greatest common factor of a and x?
8
Suppose 3*f = f + 6. Let c be 1/((-1)/f) + 68. Let u = -19 + 32. What is the highest common divisor of c and u?
13
Let c = -84 + 94. Let x(s) = -s**3 - 5*s**2 - 6*s - 6. Let n be x(-4). Calculate the greatest common divisor of n and c.
2
Suppose 6*d = 4*d + 36. Let v(p) = p**3 - 5*p**2 - 4*p - 3. Let z be v(6). Calculate the highest common factor of z and d.
9
Suppose 5*m = 91 + 44. Calculate the highest common divisor of 3 and m.
3
Let k(q) = q**2 + 7*q + 4. Let y be k(-7). Let i be (-3)/((-1)/(4/6)). Suppose x + i*x - 30 = 0. Calculate the highest common factor of x and y.
2
Suppose 0 = -4*t + 2*r + 80, 3*r + 54 = 4*t - 22. Calculate the highest common factor of 22 and t.
22
Suppose 121 = 2*h - h. Let f be ((-1)/3)/(6/(-90)). Suppose -63 = -f*n - 8. Calculate the greatest common divisor of h and n.
11
Suppose -2*p + 14 = 2*j, 4*p - 2*j = 3*j + 1. Let v be (-6)/p*16/(-6). Suppose v*r = -9 + 73. Calculate the greatest common factor of r and 24.
8
Let f be 3/9*(-7 + 172). What is the highest common factor of 33 and f?
11
Suppose -9 = -r + 45. Suppose 4*z = z + r. Calculate the greatest common divisor of 198 and z.
18
Let q = 68 + 23. Suppose 0 = -h + q - 19. Calculate the highest common divisor of 9 and h.
9
Let q = 7 - -19. Suppose -f + 16 = -q. What is the highest common divisor of f and 6?
6
Let y be 2*(-12)/8 - -4. What is the highest common factor of 1 and y?
1
Let f(h) = h**2 - 7*h + 9. Let t be f(6). Suppose 4 = t*s - s. Suppose 0 = -s*w + 13 + 75. What is the greatest common divisor of w and 11?
11
Let y be (-111)/(-6) - (-1)/2. Let u(z) = -7*z + 3 - 7 - 6 - 5. Let l be u(-13). What is the greatest common divisor of y and l?
19
Suppose -14*y + 7 = -13*y. Calculate the greatest common divisor of y and 14.
7
Let j = -84 + 98. What is the greatest common factor of j and 7?
7
Suppose -20 = -5*k, -5*k - 31 = -5*n + 74. Suppose -11 - 7 = -3*i. Suppose -d = 4, z = i*z - 5*d - n. What is the highest common factor of z and 9?
1
Let u(h) = 2*h**2 - 2*h + 2. Let b(y) = -3*y**2 + y - 2. Let m(x) = -4*b(x) - 5*u(x). Let j be m(5). What is the greatest common factor of j and 52?
26
Suppose 2*g - g - 5 = 0. Calculate the greatest common factor of g and 2.
1
Let v(i) = i**3 - 5*i**2 + 3*i + 2. Let j be v(4). Let n be j/(-4) - (-3)/(-6). Let o = n - -1. What is the highest common divisor of o and 9?
1
Suppose -6 = -3*t - 0*t. Suppose -t*a - 3*d = -16, 5*d - 3*d = -4*a + 24. Suppose -a*r = -0*r - 225. What is the highest common divisor of r and 9?
9
Let d(i) = 0 + 4*i**2 + 1 + i - i**2. Let z be d(-1). Suppose 0 = 5*m + 10, -z*m = j + 3*j - 234. What is the highest common divisor of j and 15?
15
Let h be 9 + -1 - (0 - -1). Let c(l) = l**3 - 5*l**2 + 4*l - 1. Let t be c(4). Let d = t - -8. What is the highest common factor of h and d?
7
Let m = -84 - -119. Calculate the greatest common factor of m and 385.
35
Let x be (10*(-1)/(-3))/((-14)/(-315)). Let h = 66 - 16. Calculate the highest common factor of x and h.
25
Let a = 60 - -5. Let k = -14 - -40. What is the highest common factor of a and k?
13
Let d(b) = -b - 3. Let o(l) = -l - 4. Let n be o(-6). Let y be n - (-4)/((-8)/18). Let v be d(y). Calculate the greatest common divisor of 4 and v.
4
Suppose -3*o + 28 = 4*h, 4*o + 0*h = -3*h + 28. Suppose -2*u = 2 - o. What is the greatest co